ose -5*t + 441 = -3*y, 10*t - 11*t + 7*y = -101. Let v(b) = -3*b**2 + b + 3. Let d be v(5). Let c = d + t. List the prime factors of c.
2, 5
Let m = 1456 - 13. List the prime factors of m.
3, 13, 37
Suppose l - 9 = 4*r, l = -2*r - 9 - 6. Let t be (0 - l)/(-16 + 15). Let y(n) = -9*n - 2. What are the prime factors of y(t)?
61
Let t(l) = 0 - 4*l - 2 - l**2 - 19*l. Let m be t(-23). List the prime factors of (2/4)/((-1)/(-262)) + m.
3, 43
Let t(m) = 17322*m + 44. Let n be t(3). What are the prime factors of n/(-20)*4/(-14)?
743
Let p(t) = -t**2 + 7 - 1 + 7. Let l be p(0). Let h = l - -74. List the prime factors of h.
3, 29
Suppose 5*b - i + 5420 = 0, i = 4*b - 3*b + 1080. Let z = b - -1602. List the prime factors of z.
11, 47
Let l = 13 + 18. Suppose -2*t + 45 = l. List the prime factors of t.
7
Suppose 4*n - 204788 = -4*o, -2*o - 4*n - 52383 = -154773. What are the prime factors of o?
51199
Let f(s) = s**2 - 2*s + 12. Let j be f(20). Let r = j - 197. What are the prime factors of r?
5, 7
Let c(m) = 191*m - 9. Let a = -407 - -411. What are the prime factors of c(a)?
5, 151
What are the prime factors of (-17394)/(-7) - 93/(-651)?
5, 7, 71
Suppose 8*y - 25 = 3*y. Let a be (-30)/75 - (-4512)/y. Suppose 8 = -4*q, -5*q = -4*z - 4*q + a. What are the prime factors of z?
3, 5
Suppose 5164 - 6726 - 13408 = -5*v. List the prime factors of v.
2, 3, 499
List the prime factors of 807722/14 + 20/35.
5, 11, 1049
Let g = -253 + 385. Let y = 228 - g. List the prime factors of y.
2, 3
Suppose 33672 = 4*v + 4*y, -5*v + 37*y = 34*y - 42074. What are the prime factors of v?
2, 263
Let k(y) = -225*y - 706. What are the prime factors of k(-9)?
1319
Suppose 1140 = 5*p + 4*u, u = -2*p - 3*u + 468. Let a(t) = 223*t - 2*t**2 - p*t - 6 + 3*t**2. List the prime factors of a(8).
2, 5
Let a = 213 - 190. Suppose -2*c = -507 + a. What are the prime factors of c?
2, 11
Let s be ((-3)/6)/(1/78). Let p = s - -23. Let w(d) = -4*d + 20. List the prime factors of w(p).
2, 3, 7
Let h be 77/11 + 2/2. Let y(s) be the second derivative of s**4/12 + s**3 + 7*s**2/2 - 4*s. What are the prime factors of y(h)?
7, 17
Suppose 0 = -21*r + 22*r + 112. Let d = r + 502. What are the prime factors of d?
2, 3, 5, 13
Let f(o) = -18245*o + 2922. List the prime factors of f(-3).
3, 19219
Let s be 4/(-6) - 22/(-33). What are the prime factors of s + (-1230)/(-18) + (-4)/(-6)?
3, 23
Let w(b) = -3647*b + 296. What are the prime factors of w(-1)?
3943
Suppose 156 = -19*g + 6*g. Let r be (-26)/g + 2/(-12). Suppose 340 = 8*m + r*m. What are the prime factors of m?
2, 17
Let u = 3900 - 3136. List the prime factors of u.
2, 191
Suppose 6 = -i + 11. Suppose -2*b + 1 = -n + 7, -i*n - b + 8 = 0. Suppose -n*h = -h - 88. What are the prime factors of h?
2, 11
Let w be ((-4)/(-6))/(18/(-28053)). Let n = -734 - w. What are the prime factors of n?
5, 61
Let i = 61984 + -38030. List the prime factors of i.
2, 7, 29, 59
Let q be (-552)/(-115) + 1/5. What are the prime factors of (-4)/q*2105/(-2)?
2, 421
What are the prime factors of -1 - 13/(-15) - ((-150792663)/(-315))/(-29)?
17, 971
Suppose -29*j - 45 = -44*j. List the prime factors of 11*j/(-9)*(-94 - -7).
11, 29
Suppose 0 = 5*p + 25*p + 4020. Let x = p + 731. What are the prime factors of x?
3, 199
Suppose 5*t - 2*y + 149 = 0, -4*t + 7*t = 4*y - 81. What are the prime factors of (-1209)/(-1) + t + 24?
2, 601
List the prime factors of (-4 + 3144 - 5/1)/1.
3, 5, 11, 19
Let v(p) = 4*p**2 + 2*p + 13. Let a = -115 + 106. List the prime factors of v(a).
11, 29
Let a = -13 + 20. Suppose a*t - 348 = 4*t. Suppose 2*o - 5*i - 93 = 136, -o = -i - t. List the prime factors of o.
3, 13
Let t(d) be the second derivative of -79*d**3/6 + d**2/2 + 2*d. Suppose -2*s = 4*m - 18, -5*s + 0*m + m = 10. What are the prime factors of t(s)?
2, 5
Let b(n) = -3 - 31*n + 1 - 4. Let v be b(2). Let s = v - -105. What are the prime factors of s?
37
Suppose -13*u + 3*d + 75183 = 0, -2*u + 2869 = d - 8702. What are the prime factors of u?
2, 3, 241
Suppose -24*r + 25*r = 0, -a - r + 29432 + 13175 = 0. List the prime factors of a.
137, 311
Let w(x) = -x**2 + 16*x + 20. Let n be (136/24)/(1/3). Let t be w(n). Suppose 0 = -2*f + t*h + 349, -h - 117 = 5*f - 964. What are the prime factors of f?
2, 5, 17
Let a(d) = -17*d**3 + 20*d**2 + 34*d - 20. What are the prime factors of a(-14)?
2, 11, 569
What are the prime factors of 15002 + 120/9*96/160?
2, 5, 19, 79
Suppose -179 = -5*y - 4*k + 874, -842 = -4*y - 3*k. Let b be -4 + -3 - (-446 + -3). Let c = b - y. List the prime factors of c.
233
Let s be (108/(-21))/(7/(-49)). Suppose 0 = -8*w - 252 + s. What are the prime factors of 14/(-63) + (-4029)/w?
149
Suppose 3 = 5*i - 17. Let v be ((-150)/(-5))/(6/i). List the prime factors of v/110 + 1021/11.
3, 31
Let q(t) be the second derivative of t**4 - 1/20*t**5 - 4*t - 7/2*t**2 + 0 - 5/3*t**3. What are the prime factors of q(11)?
2
Let q(j) = 24*j**3 - 11*j**2 - 14*j - 3. Let n be q(-5). List the prime factors of 6/(-2)*n/24.
401
Suppose j + 1836 = 7*j. Let g = j + -200. Suppose 3*w = -0*w + 3*x + 204, 0 = 2*w + 4*x - g. List the prime factors of w.
3, 7
Suppose 116 = 3*b + 4*c, -6*b - 3*c + 76 = -4*b. Suppose 5*z + 5 = 0, -3*a + b*z = 47*z - 156. What are the prime factors of a?
53
Let c(l) = l**3 - 20*l**2 + 3*l + 32. Let h be c(8). Let d = 1169 + h. What are the prime factors of d?
457
Let l(a) = a**2 - 5. Suppose 0 = 8*y - 10*y. Let j be l(y). Let w(n) = 4*n**2 + 3*n + 14. List the prime factors of w(j).
3, 11
Suppose -4*t - 2*g = -6, 7*t = 2*t + 2*g + 12. Suppose -t*v - 19 = -161. Suppose -2*r + v = -r. List the prime factors of r.
71
Let y = 255 + -176. Suppose 15*d - 3*n + 298 = 19*d, -d = 3*n - y. List the prime factors of d.
73
Let o(l) = 158*l**2 + 13*l - 148. List the prime factors of o(7).
5, 29, 53
Let z be (2 + 0)*(-2600)/(-16). Let f = z - 118. Suppose 5*r - r + d - f = 0, 0 = -4*r - 5*d + 203. What are the prime factors of r?
2, 13
Suppose -11*d + 2 = -13*d. Let k(b) = 108*b**2 - b - 1. Let s be k(d). Suppose 2*o + 5*z = 95, z - 95 = -5*o + s. List the prime factors of o.
2, 5
Suppose 3*n - v - 22 = 0, 0 = -n - 2*n + 5*v + 2. Suppose 2909 = n*t - 3112. What are the prime factors of t?
3, 223
Suppose -n = -3*x - 185, 3*x + 985 = 5*n - 0*x. Suppose -n = -14*t + 18*t. Let b = -37 - t. List the prime factors of b.
13
Let r = 175 + -196. List the prime factors of 2/6 + (-19607)/r.
2, 467
Let d(f) = -6*f + 62. Let l be d(11). Let c(h) = 23*h**2 + 21*h + 2. What are the prime factors of c(l)?
2, 11, 13
Let f(o) = 2*o - 2162. Let c be f(0). Let t = c + 4390. What are the prime factors of (-8)/20 - (t/(-20) + -3)?
2, 3, 19
Let f = -571 - -579. What are the prime factors of 45906/27 + (-6)/216*f?
2, 5, 17
Let d(i) = 23*i**3 + 320*i + 4*i**2 + 321*i + 3 - 649*i. List the prime factors of d(3).
2, 3, 53
Let u be (-121)/9 + 2 + 52/117. Let m(j) = -54*j - 43. List the prime factors of m(u).
19, 29
Suppose -u + 43 = 116. Let c = u + 66. List the prime factors of (-4)/c - 10351/(-77).
3, 5
Let s = 184 - -380. Suppose 24*p - 25*p + s = 0. List the prime factors of p.
2, 3, 47
Let k(m) = m**3 + 6*m**2 - 116*m - 14. What are the prime factors of k(-12)?
2, 257
Suppose -9*y + 52 = 4*y. What are the prime factors of (0 - 1*-122)*y - 1?
487
Let r(w) = 2*w + 45. Let x be r(-21). Suppose 2*v + 0*i = 2*i + 2, x*v + 7 = i. Let y(h) = -6*h. List the prime factors of y(v).
2, 3
Let n be ((-54)/117)/(2/(-26)). Let q(w) = w**3 + w**2 + 4*w + 19. What are the prime factors of q(n)?
5, 59
Let b(t) = t**2 - 18*t - 17. Let m be b(17). Let j = m - -134. List the prime factors of 1 - (j/(-1) - -4).
97
Let v(l) = -7 - 14*l + 0*l + 28*l + 36*l. Let p be v(8). Suppose 2*c - 5*c = -p. What are the prime factors of c?
131
Let m be 0 + 2 + (1 - (-51)/3). Let t = -18 + m. Suppose -z + 5*f + 140 = 0, z - t*z + 156 = 3*f. List the prime factors of z.
2, 3, 5
Let n(g) = 102 - g + 170*g**2 - 61 - 42. List the prime factors of n(1).
2, 3, 7
Suppose 0 = 6*v - 8*v + 1434. Let k = 129 + 18. Suppose -2*f = t - k, -v = -5*t - f - 3*f. List the prime factors of t.
3, 47
Let u(h) = h**3 + 46*h**2 - 252*h + 2. List the prime factors of u(-35).
11, 2027
Suppose -9*k = -8221 - 698. Suppose -k = -2*z - 2*w + 5*w, 1972 = 4*z - 4*w. List the prime fac